6?
48
Let k be (-4)/12*(-9)/(-2)*(-151 + 103). Calculate the highest common divisor of 2568 and k.
24
Suppose 4*q - 39 = y - 2*y, -4*y + 30 = 2*q. Suppose 20*u - 99 = 19*u. Let p be (u/2)/((-1)/(-2)). Calculate the highest common factor of p and q.
9
Let a be 54 - 0/((40 - 34) + (-8 - 0)). What is the highest common factor of a and 15174?
54
Let b(t) = t**3 + t**2 - t + 1. Let g be b(2). Suppose 5 = -g*r + 38. Let d be (-21)/((1 - r)/2). What is the greatest common divisor of d and 147?
21
Suppose -228*s - 89*s = 447*s - 61884. Calculate the greatest common factor of 132 and s.
3
Let n = 7495 - 7472. Calculate the greatest common factor of 4439 and n.
23
Let n(f) = -6*f + 224. Suppose -3*v + 90 = -3*d + 21, 0 = 3*d - 15. Let c be n(v). What is the greatest common factor of c and 8?
8
Let n = 8323 + -8235. Suppose 3*o = 5*o - 76. Let z be (o/(-8) - -2)*-4. What is the greatest common divisor of n and z?
11
Let a(b) = -b**3 + 5*b**2 + 7*b - 4. Let g be a(6). Suppose 0 = -8*s + g*s + 12. Calculate the greatest common divisor of 46 and s.
2
Suppose 130*v - 1373015 = -109415. What is the highest common divisor of v and 120?
120
Let d(o) = -2*o**2 - 8*o + 99. Let z be d(5). Let y(m) = -m**2 + 4*m. Let j be y(3). Suppose -52 - 137 = -j*k. Calculate the highest common factor of z and k.
9
Let i(m) = 3*m**2 - 101*m + 404. Let x be i(4). Calculate the greatest common divisor of x and 708.
12
Suppose -j + 2596 = 5*s, 5*j + 0*j = 2*s - 1033. What is the highest common factor of 3 and s?
3
Let n be 25/(75/36) - -2. Suppose -n*q + 510 = 20*q. What is the highest common factor of 65 and q?
5
Let x(p) = -2303*p + 20 + 2303*p + 11*p**2 + p**3. Let k be x(-11). Let w(y) = -y + 29. Let c be w(k). Calculate the greatest common divisor of c and 6.
3
Let v(g) = 39*g - 1887. Let c be v(49). What is the highest common factor of 19416 and c?
24
Let b be (-1175)/(-20) - (-1)/4. Let z be -2 + b + 8/16*-4. Calculate the highest common factor of z and 5.
5
Let d = -111 - -113. Suppose 0 = 4*r - m - 316, 0*m = -3*r + d*m + 232. Let y be (13 + -1)/(15/10). Calculate the greatest common divisor of r and y.
8
Suppose 5*k - 8*k = -u - 4413, -5*u - 2955 = -2*k. Suppose -4*g = -0*f - 2*f - k, 4*f = 2*g - 720. Calculate the greatest common divisor of g and 74.
74
Let u be -3 + -7 - (42*-10)/7. Let f be (-69)/(-6)*(-2 - -52). What is the highest common divisor of u and f?
25
Let d(r) = 3*r - 12 + 8 - 3 + 11*r**2 - 8. Let p be d(5). What is the greatest common factor of 110 and p?
55
Let n = 15786 + -13290. What is the greatest common factor of 117 and n?
39
Suppose -29820 = 74*k - 88*k. Calculate the greatest common divisor of k and 60.
30
Let s(l) = 16*l**3 - l + 1. Let x be s(1). Let f be -7*12/(-21) - 28. Let y be f*((-2)/(-9) - 240/108). Calculate the highest common divisor of x and y.
16
Let a be (2 - 2 - 0/(-2))/2. Let y be 2 + a + 0 + 6. Calculate the highest common divisor of y and 8.
8
Let n = 3 + 2. Let a(o) = -o**2 + 37*o - 36. Let v be a(36). Suppose v = x + t, -3*x + n*t = 2*x - 30. Calculate the greatest common factor of x and 24.
3
Let m = 310 + -305. Suppose m*u - 64 = -o - 0*o, -3*o + 160 = -u. Calculate the greatest common factor of 594 and o.
54
Let c be (-2)/(4/706) + 2 + -3. Let j = 368 + c. What is the highest common factor of 14 and j?
14
Let v = -1 - -61. Suppose 0 = 5*y - 4*x - 750, -4*y - 16*x = -18*x - 600. What is the greatest common factor of y and v?
30
Let d be (-40 - -47) + 4/(-2). Suppose 2*b - d*y = 123, -2*y + y = b - 65. What is the greatest common divisor of 6 and b?
2
Suppose 0 = 9*p - 12*p - 15, 3*p = 4*d - 291. What is the greatest common divisor of d and 94?
1
Let w = 0 + 0. Let a be -1*(-28)/4 - (5 + 0/(-8)). Suppose a*j - 52 - 20 = w. Calculate the highest common divisor of 54 and j.
18
Suppose 2*c - 11 = -v, -3*c - 13 = 2*v - 38. Suppose o - 1110 = -u, -1469 = -o + u - 349. Let r = o - 1064. Calculate the highest common factor of r and v.
17
Let q be 163 + (-7 - (-1 + -3)). Suppose 5*z - 31 = -2*b, 2*z + z = b - 21. Suppose 0 = 5*d - 82 - b. Calculate the highest common factor of q and d.
20
Suppose u - 4*j = -10, 3*u - 3 = -j + 2*j. Let f be (-6 + 12)*u*5. Suppose 0 = 2*i - 86 + 6. Calculate the highest common divisor of i and f.
20
Let b be -7 + (-1 - (-851 + -7)). Calculate the highest common divisor of b and 200.
50
Suppose r = 2*u - 108, u - 5*r - 48 = -3*r. Let h be (-3)/2 - ((-63)/6 - -1). What is the highest common divisor of u and h?
8
Let k be -3046*(-160)/896 - (-2)/28. Calculate the highest common divisor of 6324 and k.
68
Let r(s) = -2*s**3 + 7*s**2 - 5*s + 6. Let h be r(6). Let t = h + 312. Suppose 0 = 31*o - 787 - 50. What is the greatest common factor of o and t?
27
Suppose -y + 22 = 5*f - 21, 5*f - 5*y = 55. Suppose 4392 = -b + f*b. Calculate the highest common divisor of 122 and b.
61
Suppose 0 = 5*m - 3*a - 1256, 0 = 3*m - 0*m - 5*a - 744. Suppose 153*x - 343 = 1340. Calculate the highest common factor of m and x.
11
Suppose 0*w - 5*w + 20 = 0, 4*t - 500 = 3*w. Suppose 0*d - 4*d + t = 0. Let h = -9177 - -9225. What is the greatest common divisor of h and d?
16
Suppose -18 + 60 = 7*o. Suppose -3*j - 3*z + o = 0, -3*j + 0*z = z + 2. Let u be (-1)/(-6)*j*-78. What is the highest common divisor of 39 and u?
13
Let z(f) be the first derivative of 4*f**3/3 - f**2 + 2*f - 2. Let d be z(2). Suppose -882 = 12423*t - 12430*t. What is the highest common factor of t and d?
14
Suppose -4*s + 898 = z, -3*s + 14*z = 9*z - 662. What is the greatest common divisor of 14 and s?
14
Let f be (-98)/(-147) - (-109578)/9. What is the highest common factor of 32 and f?
16
Let v(z) = -110*z + 4539. Let s be v(34). What is the highest common factor of s and 85?
17
Let m = -20 + 58. Let o = m + -36. Suppose o*j = 5*j - 3, -2*j - 118 = -5*y. What is the highest common divisor of 36 and y?
12
Suppose -2*k + 0*k + 20 = 4*o, 5*k - 5 = 5*o. Suppose 2*a = -k*a - 12. Let b = 188 - a. What is the greatest common divisor of b and 38?
38
Let n be (-14*2/4 - -12)*1. Calculate the highest common factor of 155 and n.
5
Let n(a) = -4 + 6 + 1 - 1 - 3*a + 3. Let l be n(-1). Calculate the highest common divisor of 296 and l.
8
Let j be (-180)/3*(154/(-110))/((-4)/(-8)). Let m(l) = -15*l**3 + l**2 - l. Let i be m(-2). What is the greatest common divisor of i and j?
42
Suppose -3*z + 7*z - 704 = 0. Suppose 2*f - 20 = l, 144 = 5*f - 2*l + 93. Calculate the greatest common factor of z and f.
11
Let y = -44 + 46. Suppose y*q - 5*k - 9 = 14, -k = -2*q + 27. Calculate the highest common divisor of 98 and q.
14
Let l(n) = 33*n - 192. Let r(g) = 22*g - 130. Let p(k) = -5*l(k) + 8*r(k). Let q be p(8). Calculate the greatest common divisor of 184 and q.
8
Let k(g) = 18*g + 11. Let s be k(2). Let w = s - 27. Calculate the highest common factor of w and 20.
20
Suppose 0 = -4*m + 481 + 511. Let b = -4112 + 3949. Let o = b + m. What is the greatest common divisor of o and 17?
17
Suppose -25*w + 36 + 39 = 0. Let s be w/(2/(-5) + 87/180). Calculate the highest common divisor of 4 and s.
4
Suppose -5*v = -10, 4*w - 45*v - 5784 = -49*v. Calculate the greatest common factor of 4 and w.
4
Let v(m) = 3*m**3 - 39*m**2 + 215*m - 16. Let z be v(15). What is the highest common factor of z and 291?
97
Let c = -1984 + 2000. Calculate the greatest common factor of c and 4880.
16
Let q = 2223 + -2091. What is the highest common divisor of 4026 and q?
66
Let g = 150 + -140. Let t be 696/g + 10/25. Calculate the highest common factor of t and 14.
14
Suppose -5*w + 2*y + 3709 = 187, 4*y + 708 = w. What is the greatest common divisor of w and 11?
11
Let c(p) = -p**2 - 11*p - 3. Let r be c(-11). Let k be r*41/(-3) + -4 + 6. Let g = k - 37. What is the highest common factor of g and 54?
6
Suppose h = -3*h + 8. Suppose 0 = -3*k - 6, 9 = c + 5*k + 18. Let r be (-64)/(-5 + c + 2). Calculate the greatest common divisor of r and h.
2
Let b(k) = 26*k**3 - k**2 + 2*k - 1. Let c be b(1). Suppose -2*f - h = -1291, -11*f + 9*f + 1282 = 2*h. What is the highest common divisor of f and c?
26
Let h(m) = -35 + m + 54*m**3 + 277 - 108*m**3 + m**2 + 55*m**3. Let a be h(0). What is the highest common divisor of a and 22?
22
Let q(r) = -26*r + 5. Let t be q(0). Let w be 8 - (t - 319)/1. What is the highest com